{"id":175,"date":"2017-04-21T19:36:04","date_gmt":"2017-04-21T19:36:04","guid":{"rendered":"http:\/\/tumana.how\/?page_id=175"},"modified":"2017-04-21T19:36:04","modified_gmt":"2017-04-21T19:36:04","slug":"filzbutton-machen","status":"publish","type":"page","link":"https:\/\/tumana.how\/?page_id=175","title":{"rendered":"Filzbutton machen"},"content":{"rendered":"<p>Ich habe Notizb\u00fccher in Filzcovers gesteckt und brauche einen Verschluss, an dem ich einen B\u00e4ndel befestigen kann.<br \/>\nKnopf w\u00fcrde nat\u00fcrlich gehen, ich will aber lieber einen Filzbutton!<\/p>\n<p>Ich verzichte auf die Plastikfolie, ich m\u00f6chte wirklich einen <span style=\"color: #ff00ff;\"><strong>Filz<\/strong><\/span>-Button.<br \/>\nGlatt durchgeschnitten:<\/p>\n<p><img decoding=\"async\" src=\"https:\/\/tumana.how\/wp-content\/uploads\/2017\/buttonmaschine\/filz-button-machen\/filz-button-machen_1.jpg\" alt=\"Filzbutton machen mit der Buttonmaschine\" \/><\/p>\n<p>Also hab&#8216; ich es mit einer Schicht Papier unter dem Filz probiert.<br \/>\nPerfekt ist keiner der drei Buttons rausgekommen, aber einigermassen brauchbar war der eine (war \u00fcbrigens der zweite Versuch).<\/p>\n<p><img decoding=\"async\" src=\"https:\/\/tumana.how\/wp-content\/uploads\/2017\/buttonmaschine\/filz-button-machen\/filz-button-machen_2.jpg\" alt=\"Filzbutton machen mit der Buttonmaschine\" \/><\/p>\n<p>Ich hab&#8217;s mit Leim eingeschmiert.<\/p>\n<p><img decoding=\"async\" src=\"https:\/\/tumana.how\/wp-content\/uploads\/2017\/buttonmaschine\/filz-button-machen\/filz-button-machen_3.jpg\" alt=\"Filzbutton machen mit der Buttonmaschine\" \/><\/p>\n<p>Verteilen das Zeugs und trocknen lassen!<\/p>\n<p><img decoding=\"async\" src=\"https:\/\/tumana.how\/wp-content\/uploads\/2017\/buttonmaschine\/filz-button-machen\/filz-button-machen_4.jpg\" alt=\"Filzbutton machen mit der Buttonmaschine\" \/><\/p>\n<p>So geht&#8217;s \u00fcbrigens mit dem ausstanzen:<br \/>\nAuf beide Seite vom Filz ein Post-it-Zettelchen kleben.<\/p>\n<p><img decoding=\"async\" src=\"https:\/\/tumana.how\/wp-content\/uploads\/2017\/buttonmaschine\/filz-button-machen\/filz-button-machen_5.jpg\" alt=\"Filzbutton machen mit der Buttonmaschine\" \/><\/p>\n<p>Ein Filzsandwiche \ud83d\ude42<\/p>\n<p><img decoding=\"async\" src=\"https:\/\/tumana.how\/wp-content\/uploads\/2017\/buttonmaschine\/filz-button-machen\/filz-button-machen_6.jpg\" alt=\"Filzbutton machen mit der Buttonmaschine\" \/><\/p>\n<p>Ohne das papier wars recht j\u00e4mmerlich, ich zeig&#8216; Dir das Foto dann weiter Unten.<\/p>\n<p><img decoding=\"async\" src=\"https:\/\/tumana.how\/wp-content\/uploads\/2017\/buttonmaschine\/filz-button-machen\/filz-button-machen_7.jpg\" alt=\"Filzbutton machen mit der Buttonmaschine\" \/><\/p>\n<p>Das ist mein leim der Wahl: trocknet wunderbar transparent und pappt echt gut!<\/p>\n<p><img decoding=\"async\" src=\"https:\/\/tumana.how\/wp-content\/uploads\/2017\/buttonmaschine\/filz-button-machen\/filz-button-machen_8.jpg\" alt=\"Filzbutton machen mit der Buttonmaschine\" \/><\/p>\n<p>Man kann die Risse schon noch sehen, ist aber Unten am Button, von daher st\u00f6rt&#8217;s mich jetzt nicht so sehr.<\/p>\n<p><img decoding=\"async\" src=\"https:\/\/tumana.how\/wp-content\/uploads\/2017\/buttonmaschine\/filz-button-machen\/filz-button-machen_9.jpg\" alt=\"Filzbutton machen mit der Buttonmaschine\" \/><\/p>\n<p>Sieht interessant aus, gell \ud83d\ude42<\/p>\n<p><img decoding=\"async\" src=\"https:\/\/tumana.how\/wp-content\/uploads\/2017\/buttonmaschine\/filz-button-machen\/filz-button-machen_10.jpg\" alt=\"Filzbutton machen mit der Buttonmaschine\" \/><\/p>\n<p>Zur Sicherheit noch eine zweite Scxhicht Leim drauf, dann passt das.<\/p>\n<p><img decoding=\"async\" src=\"https:\/\/tumana.how\/wp-content\/uploads\/2017\/buttonmaschine\/filz-button-machen\/filz-button-machen_11.jpg\" alt=\"Filzbutton machen mit der Buttonmaschine\" \/><\/p>\n<p>Voil\u00e0, wie versprochen der ausgestanzte Kreis.<br \/>\nMusste ihn zu etwa einem Viertel rausreissen, hab&#8217;s nicht hingekriegt das einfach so sauber zu stanzen.<br \/>\nMit der Bigshot hingegen w\u00e4rs nat\u00fcrlich kein Problem gewesen.<\/p>\n<p><img decoding=\"async\" src=\"https:\/\/tumana.how\/wp-content\/uploads\/2017\/buttonmaschine\/filz-button-machen\/filz-button-machen_12.jpg\" alt=\"Filzbutton machen mit der Buttonmaschine\" \/><\/p>\n<p>So, Filzbuttons gehen also auch.<br \/>\nWas machenw ir als n\u00e4chstes?<\/p>\n<p>Liebs Gr\u00fcessli,<br \/>\nEure Tumana<\/p>\n","protected":false},"excerpt":{"rendered":"<p>Ich habe Notizb\u00fccher in Filzcovers gesteckt und brauche einen Verschluss, an dem ich einen B\u00e4ndel befestigen kann. Knopf w\u00fcrde nat\u00fcrlich gehen, ich will aber lieber einen Filzbutton! Ich verzichte auf die Plastikfolie, ich m\u00f6chte wirklich einen Filz-Button. Glatt durchgeschnitten: Also hab&#8216; ich es mit einer Schicht Papier unter dem Filz probiert. Perfekt ist keiner der &hellip; <a href=\"https:\/\/tumana.how\/?page_id=175\" class=\"more-link\"><span class=\"screen-reader-text\">\u201eFilzbutton machen\u201c <\/span>weiterlesen<\/a><\/p>\n","protected":false},"author":1,"featured_media":0,"parent":172,"menu_order":0,"comment_status":"closed","ping_status":"closed","template":"","meta":{"footnotes":""},"class_list":["post-175","page","type-page","status-publish","hentry"],"_links":{"self":[{"href":"https:\/\/tumana.how\/index.php?rest_route=\/wp\/v2\/pages\/175","targetHints":{"allow":["GET"]}}],"collection":[{"href":"https:\/\/tumana.how\/index.php?rest_route=\/wp\/v2\/pages"}],"about":[{"href":"https:\/\/tumana.how\/index.php?rest_route=\/wp\/v2\/types\/page"}],"author":[{"embeddable":true,"href":"https:\/\/tumana.how\/index.php?rest_route=\/wp\/v2\/users\/1"}],"replies":[{"embeddable":true,"href":"https:\/\/tumana.how\/index.php?rest_route=%2Fwp%2Fv2%2Fcomments&post=175"}],"version-history":[{"count":1,"href":"https:\/\/tumana.how\/index.php?rest_route=\/wp\/v2\/pages\/175\/revisions"}],"predecessor-version":[{"id":176,"href":"https:\/\/tumana.how\/index.php?rest_route=\/wp\/v2\/pages\/175\/revisions\/176"}],"up":[{"embeddable":true,"href":"https:\/\/tumana.how\/index.php?rest_route=\/wp\/v2\/pages\/172"}],"wp:attachment":[{"href":"https:\/\/tumana.how\/index.php?rest_route=%2Fwp%2Fv2%2Fmedia&parent=175"}],"curies":[{"name":"wp","href":"https:\/\/api.w.org\/{rel}","templated":true}]}}