{"id":32,"date":"2015-12-30T20:07:37","date_gmt":"2015-12-30T20:07:37","guid":{"rendered":"http:\/\/tumana.how\/?page_id=32"},"modified":"2016-01-03T15:19:24","modified_gmt":"2016-01-03T15:19:24","slug":"wepam","status":"publish","type":"page","link":"https:\/\/tumana.how\/?page_id=32","title":{"rendered":"WePAM"},"content":{"rendered":"<p>Lass uns spielen!<\/p>\n<p><img decoding=\"async\" src=\"https:\/\/tumana.how\/wp-content\/uploads\/2015\/wepam\/wepam-banner.jpg\" alt=\"https:\/\/tumana.how\/wp-content\/uploads\/2015\/wepam\/wepam-banner.jpg\" \/><\/p>\n<p>WePAM ist eine lufttrocknende Modelliermasse die ich hier gerne etwas n\u00e4her vorstellen will \ud83d\ude00<br \/>\nTolles Material, tolle Haptik!<\/p>\n<p>Nun denn:<br \/>\n<strong>Was ist WePAM?<\/strong><br \/>\nWas tut man damit? Ist es wasserfest? Hitzebest\u00e4ndig? Flexibel? Fest? Klebt es?<br \/>\n<strong><a href=\"https:\/\/tumana.how\/?page_id=36\" target=\"_blank\">Fragen und Antworten findest Du hier *klickmich*<\/a><\/strong><\/p>\n<p>Wir <a href=\"https:\/\/tumana.how\/?page_id=62\" target=\"_blank\">modellieren Federchen<\/a>, <a href=\"https:\/\/tumana.how\/?page_id=79\" target=\"_blank\">verhunzen s\u00fcsse Hasis<\/a>, <a href=\"https:\/\/tumana.how\/?page_id=76\" target=\"_blank\">verh\u00fcbschen Pinsel<\/a> und machen <a href=\"https:\/\/tumana.how\/?page_id=73\" target=\"_blank\">unsere eigenen Modelliertools<\/a>.<\/p>\n<p>Schau dort &#8212;-&gt; in der Navigation, Du findest viele entdeckenswerte WePAM- und WeMoules-Themen \ud83d\ude00<br \/>\nViel Spass beim entdecken und ausprobieren,<br \/>\nEure Tumana<\/p>\n","protected":false},"excerpt":{"rendered":"<p>Lass uns spielen! WePAM ist eine lufttrocknende Modelliermasse die ich hier gerne etwas n\u00e4her vorstellen will \ud83d\ude00 Tolles Material, tolle Haptik! Nun denn: Was ist WePAM? Was tut man damit? Ist es wasserfest? Hitzebest\u00e4ndig? Flexibel? Fest? Klebt es? Fragen und Antworten findest Du hier *klickmich* Wir modellieren Federchen, verhunzen s\u00fcsse Hasis, verh\u00fcbschen Pinsel und machen &hellip; <a href=\"https:\/\/tumana.how\/?page_id=32\" class=\"more-link\"><span class=\"screen-reader-text\">\u201eWePAM\u201c <\/span>weiterlesen<\/a><\/p>\n","protected":false},"author":2,"featured_media":0,"parent":0,"menu_order":0,"comment_status":"closed","ping_status":"closed","template":"","meta":{"footnotes":""},"class_list":["post-32","page","type-page","status-publish","hentry"],"_links":{"self":[{"href":"https:\/\/tumana.how\/index.php?rest_route=\/wp\/v2\/pages\/32","targetHints":{"allow":["GET"]}}],"collection":[{"href":"https:\/\/tumana.how\/index.php?rest_route=\/wp\/v2\/pages"}],"about":[{"href":"https:\/\/tumana.how\/index.php?rest_route=\/wp\/v2\/types\/page"}],"author":[{"embeddable":true,"href":"https:\/\/tumana.how\/index.php?rest_route=\/wp\/v2\/users\/2"}],"replies":[{"embeddable":true,"href":"https:\/\/tumana.how\/index.php?rest_route=%2Fwp%2Fv2%2Fcomments&post=32"}],"version-history":[{"count":5,"href":"https:\/\/tumana.how\/index.php?rest_route=\/wp\/v2\/pages\/32\/revisions"}],"predecessor-version":[{"id":94,"href":"https:\/\/tumana.how\/index.php?rest_route=\/wp\/v2\/pages\/32\/revisions\/94"}],"wp:attachment":[{"href":"https:\/\/tumana.how\/index.php?rest_route=%2Fwp%2Fv2%2Fmedia&parent=32"}],"curies":[{"name":"wp","href":"https:\/\/api.w.org\/{rel}","templated":true}]}}